
List the prime factors of 3452186653.
7853, 439601
What are the prime factors of 260669743?
79, 3299617
What are the prime factors of 1387294147?
61, 22742527
What are the prime factors of 315570201?
3, 17, 67, 92353
What are the prime factors of 42069710?
2, 5, 4206971
List the prime factors of 210544298.
2, 105272149
List the prime factors of 19773652.
2, 17, 23, 47, 269
List the prime factors of 24049037.
1279, 18803
What are the prime factors of 2503765301?
83, 2713, 11119
List the prime factors of 307140918.
2, 3, 7, 1044697
List the prime factors of 34596609.
3, 11532203
List the prime factors of 321939765.
3, 5, 7, 37853
List the prime factors of 145205399.
1747, 83117
List the prime factors of 289302731.
289302731
What are the prime factors of 400577377?
29, 13813013
List the prime factors of 48690834.
2, 3, 2207, 3677
List the prime factors of 6976054201.
2087, 3342623
What are the prime factors of 1408650825?
3, 5, 677, 27743
What are the prime factors of 40965802?
2, 101, 139, 1459
List the prime factors of 1210521667.
1210521667
List the prime factors of 138841424.
2, 89, 97501
What are the prime factors of 35478367?
35478367
What are the prime factors of 2495042716?
2, 623760679
What are the prime factors of 85018022?
2, 547, 77713
What are the prime factors of 154617179?
401, 385579
List the prime factors of 5942044033.
5942044033
List the prime factors of 32097899.
983, 32653
List the prime factors of 473207569.
139, 373, 9127
What are the prime factors of 5610621?
3, 1870207
What are the prime factors of 142071900?
2, 3, 5, 139, 3407
List the prime factors of 13525178.
2, 739, 9151
List the prime factors of 163853787.
3, 54617929
What are the prime factors of 152441988?
2, 3, 557, 22807
List the prime factors of 77583882.
2, 3, 12930647
What are the prime factors of 3224922709?
509, 857, 7393
List the prime factors of 2193579271.
13, 998443
What are the prime factors of 800059369?
800059369
List the prime factors of 2610193173.
3, 7, 124294913
List the prime factors of 1168613571.
3, 389537857
List the prime factors of 4653389090.
2, 5, 7, 17, 3910411
What are the prime factors of 2584730958?
2, 3, 31, 67, 207409
What are the prime factors of 7706339434?
2, 499, 1097, 7039
What are the prime factors of 364771379?
7, 52110197
List the prime factors of 162389570.
2, 5, 7, 499, 4649
List the prime factors of 53534381.
19, 2817599
List the prime factors of 862443107.
6599, 130693
List the prime factors of 37858633.
107, 353819
What are the prime factors of 1947187200?
2, 3, 5, 7, 1811
List the prime factors of 573804060.
2, 3, 5, 17, 359, 1567
What are the prime factors of 187957617?
3, 3623, 17293
What are the prime factors of 907353933?
3, 23, 13150057
List the prime factors of 350564268.
2, 3, 41, 719, 991
List the prime factors of 100727616.
2, 3, 11, 37, 1289
List the prime factors of 2044473359.
19, 191, 499, 1129
List the prime factors of 164366850.
2, 3, 5, 1095779
What are the prime factors of 217048217?
23, 2029, 4651
List the prime factors of 564056435.
5, 8039, 14033
List the prime factors of 2714434129.
11, 97, 1367, 1861
What are the prime factors of 44527136?
2, 337, 4129
List the prime factors of 605518802.
2, 7, 577, 74959
List the prime factors of 21819621.
3, 83, 87629
What are the prime factors of 595682424?
2, 3, 306421
What are the prime factors of 130719810?
2, 3, 5, 13, 19, 23, 59
List the prime factors of 89155763.
89155763
What are the prime factors of 40626799?
1103, 36833
What are the prime factors of 90395431?
7, 89, 373, 389
List the prime factors of 28289765.
5, 7, 19, 2239
What are the prime factors of 974994062?
2, 7, 647, 15377
What are the prime factors of 764919652?
2, 7, 27318559
List the prime factors of 79461786.
2, 3, 13243631
What are the prime factors of 444156559?
7, 11, 19, 303593
List the prime factors of 85691508.
2, 3, 7, 1020137
What are the prime factors of 1866045720?
2, 3, 5, 7, 11, 201953
List the prime factors of 144255874.
2, 7, 2099, 4909
What are the prime factors of 2776538221?
2776538221
What are the prime factors of 2596791?
3, 865597
What are the prime factors of 111929712?
2, 3, 2331869
List the prime factors of 1962839655.
3, 5, 7, 983, 2113
What are the prime factors of 8458045?
5, 557, 3037
What are the prime factors of 136745436?
2, 3, 11395453
What are the prime factors of 77296971?
3, 2371, 10867
List the prime factors of 4236553280.
2, 5, 37, 357817
What are the prime factors of 15121448?
2, 263, 7187
List the prime factors of 1065088625.
5, 8520709
What are the prime factors of 1343200550?
2, 5, 31, 866581
What are the prime factors of 756360755?
5, 43, 3517957
List the prime factors of 15222014.
2, 7611007
What are the prime factors of 480709303?
480709303
What are the prime factors of 2319582844?
2, 23, 25212857
What are the prime factors of 1254872526?
2, 3, 43, 4863847
List the prime factors of 3509625225.
3, 5, 46795003
What are the prime factors of 94457194?
2, 13, 41, 88609
List the prime factors of 2094052.
2, 37, 14149
What are the prime factors of 39208987?
17, 839, 2749
List the prime factors of 31992073.
31992073
List the prime factors of 53531700.
2, 3, 5, 178439
List the prime factors of 339026173.
339026173
List the prime factors of 33182135.
5, 7, 948061
List the prime factors of 5350837.
19, 281623
What are the prime factors of 790601639?
101, 1559, 5021
List the prime factors of 483077067.
3, 11, 14638699
List the prime factors of 4531145199.
3, 7, 23, 1340179
What are the prime factors of 380952?
2, 3, 11, 13, 37
List the prime factors of 1955885.
5, 391177
What are the prime factors of 1112367779?
1103, 1008493
What are the prime factors of 7629683768?
2, 7, 41, 73, 929
What are the prime factors of 101773253?
19, 5356487
List the prime factors of 1049842362.
2, 3, 1579, 110813
What are the prime factors of 249782865?
3, 5, 41, 179, 2269
What are the prime factors of 3034495?
5, 606899
What are the prime factors of 1965557261?
41, 157, 305353
List the prime factors of 173469745.
5, 509, 68161
List the prime factors of 28443318.
2, 3, 23, 79, 2609
List the prime factors of 29326236.
2, 3, 367, 6659
List the prime factors of 131247095.
5, 7, 1319, 2843
List the prime factors of 139614398.
2, 7, 11, 73, 1129
List the prime factors of 551768.
2, 7, 59, 167
List the prime factors of 168121382.
2, 11, 13, 109, 5393
List the prime factors of 1367533806.
2, 3, 227, 1004063
What are the prime factors of 4075776?
2, 3, 29, 61
What are the prime factors of 14274992?
2, 239, 3733
What are the prime factors of 1041890143?
7, 11311, 13159
What are the prime factors of 44345595?
3, 5, 7, 422339
List the prime factors of 42427535.
5, 8485507
List the prime factors of 210901069.
210901069
List the prime factors of 324370044.
2, 3, 9010279
List the prime factors of 52303076.
2, 7, 31, 60257
What are the prime factors of 113672785?
5, 23, 988459
What are the prime factors of 70384884?
2, 3, 5865407
List the prime factors of 778599405.
3, 5, 17, 101, 3359
List the prime factors of 5986266183.
3, 373, 1783219
What are the prime factors of 72145899?
3, 7, 1145173
List the prime factors of 53858702.
2, 1399, 19249
List the prime factors of 189908812.
2, 43, 71, 15551
What are the prime factors of 2320099725?
3, 5, 107, 289109
List the prime factors of 2708482.
2, 7, 193463
What are the prime factors of 51535624?
2, 7, 920279
List the prime factors of 459875024.
2, 7, 17, 41, 43, 137
List the prime factors of 47017670.
2, 5, 7, 671681
List the prime factors of 37941985.
5, 31, 244787
What are the prime factors of 222873766?
2, 111436883
List the prime factors of 606768092.
2, 7, 941, 23029
List the prime factors of 700125000.
2, 3, 5, 1867
What are the prime factors of 142701024?
2, 3, 47, 31627
List the prime factors of 18300281.
18300281
What are the prime factors of 386144066?
2, 7, 11, 163, 15383
List the prime factors of 1818742664.
2, 23, 1913, 5167
List the prime factors of 1509596095.
5, 7, 67, 643751
List the prime factors of 603764349.
3, 19, 397, 26681
What are the prime factors of 17273314?
2, 263, 32839
What are the prime factors of 200362224?
2, 3, 73, 211, 271
What are the prime factors of 455517947?
179, 2544793
List the prime factors of 37770732